 what is 485410 - 1?
485408
In base 6, what is -2 + 1520020?
1520014
In base 5, what is 144 + -1021411?
-1021212
In base 4, what is -3121 + -1230?
-11011
In base 10, what is 1 - 117236?
-117235
In base 16, what is -441e + 3?
-441b
In base 7, what is -64456 - -3?
-64453
In base 12, what is 3 + 1116?
1119
In base 8, what is 0 + -10452?
-10452
In base 7, what is -142656 - 1?
-142660
In base 8, what is 31 + 43740?
43771
In base 9, what is 2287084 - -4?
2287088
In base 12, what is -51503 + -6?
-51509
In base 4, what is -3022123 - 1211?
-3030000
In base 4, what is -23 + -33322?
-100011
In base 8, what is 55 - -24340?
24415
In base 12, what is -5 - -1b3043?
1b303a
In base 13, what is 2678 + 61?
2709
In base 6, what is -4 + 21041?
21033
In base 16, what is -10390 - 1?
-10391
In base 15, what is e9 - -13e?
238
In base 7, what is 3205642 + 5?
3205650
In base 10, what is -201 - -65?
-136
In base 9, what is 441 - 2580?
-2138
In base 6, what is 50 + -114035?
-113545
In base 8, what is 252 - -11026?
11300
In base 7, what is -125106 + -234?
-125343
In base 3, what is -1010102 + 201200?
-101202
In base 13, what is -11a97 - -98?
-119cc
In base 10, what is -294 - 282?
-576
In base 13, what is -5790 + 1?
-578c
In base 6, what is 542230531 - -1?
542230532
In base 4, what is -3200 - -123233?
120033
In base 4, what is 1 - -123130232?
123130233
In base 13, what is -cac3 - 0?
-cac3
In base 5, what is 32 + 411000?
411032
In base 15, what is b + -7d22?
-7d16
In base 15, what is a10 - -17?
a27
In base 12, what is 76 + 3b?
b5
In base 4, what is -211021231 + 10?
-211021221
In base 2, what is -100 + -10001010101111011011?
-10001010101111011111
In base 2, what is -11011001 + -10001100011100?
-10001111110101
In base 2, what is 1001110111110 - 111?
1001110110111
In base 7, what is 21303 + -402?
20601
In base 9, what is 88 + 22465?
22564
In base 3, what is 0 - -222112001?
222112001
In base 15, what is -bc4 - -2?
-bc2
In base 6, what is -203442 - -3?
-203435
In base 9, what is -3751 - -2?
-3748
In base 12, what is -5 - -1bb00?
1bab7
In base 2, what is -11 - 11010000110?
-11010001001
In base 2, what is 10100 - -110100?
1001000
In base 13, what is -25 - -b06c?
b047
In base 3, what is -10020022 + -1221?
-10022020
In base 9, what is -8 + -166500?
-166508
In base 10, what is -706 + -13?
-719
In base 11, what is 627533 + -3?
627530
In base 5, what is 12024110 - -2?
12024112
In base 4, what is 131010221 - 2?
131010213
In base 7, what is 2212 + 63?
2305
In base 11, what is 26472 + 7?
26479
In base 15, what is 8 - -1c7?
1d0
In base 2, what is 1111111110011111 - -11?
1111111110100010
In base 3, what is -10101202 - -10122?
-10021010
In base 15, what is 0 + 3c18?
3c18
In base 6, what is -5 + -44455?
-44504
In base 8, what is 1564542 - 2?
1564540
In base 12, what is 3b + 10562?
105a1
In base 4, what is -10312 + 312102?
301130
In base 15, what is -2c710 + 3?
-2c70c
In base 14, what is 1894 + -c7?
17ab
In base 13, what is 8b - 14253?
-14195
In base 13, what is 2 - -b2b?
b30
In base 13, what is -23808 + 5?
-23803
In base 9, what is 1776 - -2235?
4122
In base 10, what is 5159 + -143?
5016
In base 7, what is 24143211 - 5?
24143203
In base 13, what is 588 + 401?
989
In base 11, what is a + -9438?
-9429
In base 11, what is 5 + -15017?
-15012
In base 7, what is 16412 + -1546?
14533
In base 7, what is 1 - -110565?
110566
In base 10, what is 2474 - -18?
2492
In base 5, what is -1301 + 10342?
4041
In base 12, what is b8 + -164?
-68
In base 2, what is -11110000111 + -111011?
-11111000010
In base 16, what is 21e + d2?
2f0
In base 15, what is -16500 - 36?
-16536
In base 13, what is -a4a3 + -2?
-a4a5
In base 11, what is 7a7 - 160?
647
In base 9, what is 1 - 6507?
-6506
In base 6, what is 2 - 412121?
-412115
In base 12, what is -3 + 2a8831?
2a882a
In base 16, what is 33c6 - -3?
33c9
In base 8, what is 1 - 56214?
-56213
In base 13, what is -1905 + 2c?
-18a6
In base 9, what is -108 + -6816?
-7025
In base 14, what is -9b031 + -3?
-9b034
In base 6, what is -21303 + 101?
-21202
In base 13, what is 2749 - 48?
2701
In base 16, what is 1 + -342e?
-342d
In base 12, what is 29 + -77a3?
-7776
In base 9, what is -171625 + 13?
-171612
In base 3, what is 120220002 - -12?
120220021
In base 8, what is -4 - -255606?
255602
In base 12, what is 1b53 - 6?
1b49
In base 11, what is 8 - -7757?
7764
In base 15, what is 2 - 3e30?
-3e2d
In base 3, what is 2021210 + 102?
2022012
In base 2, what is 11 + 11010100010100?
11010100010111
In base 6, what is -405543 - 1?
-405544
In base 2, what is -1111 + 1000111000110?
1000110110111
In base 9, what is 0 - 143561?
-143561
In base 8, what is 10160 - -5?
10165
In base 14, what is 6c + -89?
-1b
In base 6, what is -122320 + 404?
-121512
In base 9, what is 0 + 364267?
364267
In base 11, what is 21270 - -3?
21273
In base 13, what is -194 + 300?
139
In base 13, what is 1 + -18073?
-18072
In base 13, what is 2 - bc7a3?
-bc7a1
In base 3, what is 10 + -202?
-122
In base 14, what is 9b703 + -4?
9b6dd
In base 5, what is 3 + -1104013?
-1104010
In base 3, what is 10 - -200211122010?
200211122020
In base 11, what is 734 + 2186?
290a
In base 4, what is -13003203300 - 0?
-13003203300
In base 5, what is -23230 - 123?
-23403
In base 13, what is -53a + 20?
-51a
In base 14, what is 8c + 94?
142
In base 11, what is -5 + -15582?
-15587
In base 12, what is 4 + 25169b?
2516a3
In base 5, what is 33110033 + 4?
33110042
In base 15, what is 4 + -1671e?
-1671a
In base 5, what is 3 + 20030421?
20030424
In base 2, what is 110 + -10111010000111100?
-10111010000110110
In base 2, what is 10001110100110101 + -10?
10001110100110011
In base 5, what is 111344240 + 0?
111344240
In base 5, what is -323 - -331?
3
In base 7, what is 35 - 164620?
-164552
In base 11, what is -1 + -301a8?
-301a9
In base 12, what is -3 - -76b29?
76b26
In base 16, what is -1f + 30f6?
30d7
In base 2, what is 10110101100011000 + 1110?
10110101100100110
In base 7, what is 136 - -6266?
6435
In base 3, what is -102 + 21202122?
21202020
In base 15, what is 1 + 5b05?
5b06
In base 14, what is 1 - -c9a6a?
c9a6b
In base 10, what is 144 + 3437?
3581
In base 12, what is -2 + -415ba?
-41600
In base 6, what is 2025 - 10312?
-4243
In base 7, what is 6144 + 4?
6151
In base 15, what is 3 + -2bb6?
-2bb3
In base 3, what is 101020 - -102?
101122
In base 14, what is 13 + -59c11?
-59bdc
In base 6, what is -10 + 5545?
5535
In base 4, what is 1021213022 - -2?
1021213030
In base 12, what is 74 + 20b?
283
In base 2, what is 101000101 + 10101101?
111110010
In base 3, what is -12221 + -12120110?
-12210101
In base 15, what is -114 - 4cae?
-4dc3
In base 14, what is 3 + -c8b5?
-c8b2
In base 16, what is b4 - 39?
7b
In base 6, what is 504 + -31410?
-30502
In base 11, what is -5 + 2a85?
2a80
In base 13, what is 0 + 7cb23?
7cb23
In base 3, what is -2 + -11101220?
-11101222
In base 15, what is 16 + 99e?
9b5
In base 4, what is -2231122 + -23?
-2231211
In base 14, what is -68 - -26b?
203
In base 12, what is -6a + -4450?
-44ba
In base 10, what is -9811 - 18?
-9829
In base 15, what is 151cae - 3?
151cab
In base 13, what is -143 - -194?
51
In base 3, what is -2001011 + 1002?
-2000002
In base 9, what is -24 - 12218?
-12243
In base 5, what is -10004331 + -4?
-10004340
In base 11, what is -3a69 - -52?
-3a17
In base 6, what is 1 - 3221031?
-3221030
In base 3, what is 12011 + 111221?
201002
In base 16, what is 272 + -6fa?
-488
In base 12, what is -8 - -20739?
20731
In base 13, what is 20 + -a66?
-a46
In base 5, what is -430 - -2134?
1204
In base 7, what is 15 + 6551?
6566
In base 10, what is -770 - -31?
-739
In base 3, what is -12 - 2212012021?
-2212012110
In base 12, what is 20 - 17958?
-17938
In base 8, what is -17735 + -456?
-20413
In base 11, what is 123610 - -3?
123613
In base 10, what is 23383 + 2?
23385
In base 16, what is 7de2 - ee?
7cf4
In base 3, what is -1010212202 - 11?
-1010212220
In base 7, what is -1 + -30260?
-30261
In base 10, what is 17 + -13987?
-13970
In base 13, what is -35 + -32a?
-362
In base 16, what is 32a9d - -5?
32aa2
In base 16, what is 4fe23d - -1?
4fe23e
In base 6, what is -55521 - -1043?
-54434
In base 12, what is -b0a + b1?
-a19
In base 6, what is 133355 - -1?
133400
In base 8, what is -700 - 1025?
-1725
In base 4, what is -211 + -221?
-1032
In base 9, what is 5